{"id":213,"date":"2010-12-30T12:39:26","date_gmt":"2010-12-30T12:39:26","guid":{"rendered":"http:\/\/www.theputto.com\/comic\/?page_id=213"},"modified":"2017-07-15T20:29:07","modified_gmt":"2017-07-15T20:29:07","slug":"home","status":"publish","type":"page","link":"https:\/\/www.theputto.com\/comic\/","title":{"rendered":"Home"},"content":{"rendered":"<h4 style=\"text-align: center;\"><a href=\"https:\/\/twitter.com\/SamuelLJackson\/status\/851461682702450688\"><span style=\"color: #0000ff;\"><strong>&#8220;Just read the DOPE ASS &#8220;The Sorrowful Putto of Prague&#8221;&#8230;check it out&#8230;you&#8217;re in for a treat!&#8221;<\/strong><\/span><\/a><\/h4>\n<div style=\"text-align: center;\"><strong><em>Samuel L. Jackson<\/em><\/strong><\/div>\n<div style=\"text-align: center;\"><a href=\"http:\/\/www.theputto.com\/comic\/wp-content\/uploads\/2010\/12\/Official-Putto-Logo-CLEAN-July-2015-SMALL.jpg\"><img decoding=\"async\" loading=\"lazy\" class=\"alignnone wp-image-813\" src=\"http:\/\/www.theputto.com\/comic\/wp-content\/uploads\/2010\/12\/Official-Putto-Logo-CLEAN-July-2015-SMALL.jpg\" alt=\"Official logo for the Sorrowful Putto of Prague comic and webcomic \" width=\"421\" height=\"421\" srcset=\"https:\/\/www.theputto.com\/comic\/wp-content\/uploads\/2010\/12\/Official-Putto-Logo-CLEAN-July-2015-SMALL.jpg 300w, https:\/\/www.theputto.com\/comic\/wp-content\/uploads\/2010\/12\/Official-Putto-Logo-CLEAN-July-2015-SMALL-150x150.jpg 150w\" sizes=\"(max-width: 421px) 100vw, 421px\" \/><\/a><\/div>\n<h4 style=\"text-align: center;\"><span style=\"color: #000000;\">Read from the\u00a0<span style=\"text-decoration: underline; color: #0000ff;\"><strong><a style=\"color: #0000ff; text-decoration: underline;\" href=\"http:\/\/www.theputto.com\/comic\/post\/the-gratitude-of-my-city\/\">beginning<\/a><\/strong><\/span>\u00a0or the latest <span style=\"text-decoration: underline; color: #0000ff;\"><strong><a style=\"color: #0000ff; text-decoration: underline;\" href=\"http:\/\/www.theputto.com\/comic\/comic\/preview-rusalka-rises-and-partakes-in-a-trip-to-the-opera-ii\/\">page<\/a><\/strong><\/span><\/span><\/h4>\n<h5 style=\"text-align: center;\"><span style=\"color: #000000;\"><a style=\"color: #000000;\" href=\"http:\/\/www.theputto.com\/comic\/roger-odonnell-of-the-cure-composes-thing-of-beauty-for-the-putto\/\"><strong>Click here for\u00a0the SOUNDTRACK\u00a0<\/strong><strong>(featuring Roger O&#8217;Donnell of The Cure).<\/strong><\/a><\/span><\/h5>\n<p style=\"text-align: left;\">We are proud to announce that The Sorrowful Putto of Prague is now available in hardback in Czech.\u00a0Published by <a href=\"http:\/\/www.argo.cz\/knihy\/214231\/the-sorrowful-putto-of-prague\/\" target=\"_blank\" rel=\"noopener noreferrer\">Argo.cz<\/a> in the Czech Republic, the book is available in all good Czech bookshops as <a href=\"https:\/\/www.kosmas.cz\/knihy\/214231\/truchlivy-amoret-prazsky\/\"><strong>well as online here<\/strong><\/a>.<\/p>\n<p style=\"text-align: left;\"><a href=\"http:\/\/www.theputto.com\/comic\/wp-content\/uploads\/2017\/05\/Putto-inspiration-to-realisation.jpg\"><img decoding=\"async\" loading=\"lazy\" class=\"aligncenter size-full wp-image-1196\" src=\"http:\/\/www.theputto.com\/comic\/wp-content\/uploads\/2017\/05\/Putto-inspiration-to-realisation.jpg\" alt=\"\" width=\"472\" height=\"578\" srcset=\"https:\/\/www.theputto.com\/comic\/wp-content\/uploads\/2017\/05\/Putto-inspiration-to-realisation.jpg 472w, https:\/\/www.theputto.com\/comic\/wp-content\/uploads\/2017\/05\/Putto-inspiration-to-realisation-245x300.jpg 245w\" sizes=\"(max-width: 472px) 100vw, 472px\" \/><\/a><\/p>\n<p style=\"text-align: left;\">We are also in the process of negotiating a second foreign language edition, due for 2017. Stay tuned and follow us on <strong><a href=\"https:\/\/twitter.com\/theputto\" target=\"_blank\" rel=\"noopener noreferrer\">the Twitter<\/a><\/strong>, as they say, for more good tidings and updates.<\/p>\n<p style=\"text-align: center;\"><img decoding=\"async\" loading=\"lazy\" class=\"alignnone wp-image-986 size-large\" src=\"http:\/\/www.theputto.com\/comic\/wp-content\/uploads\/2010\/12\/eyesofpraguesmall-731x1024.jpg\" alt=\"Charles Bridge, Prague (Czech Republic) \" width=\"500\" height=\"700\" srcset=\"https:\/\/www.theputto.com\/comic\/wp-content\/uploads\/2010\/12\/eyesofpraguesmall-731x1024.jpg 731w, https:\/\/www.theputto.com\/comic\/wp-content\/uploads\/2010\/12\/eyesofpraguesmall-214x300.jpg 214w, https:\/\/www.theputto.com\/comic\/wp-content\/uploads\/2010\/12\/eyesofpraguesmall-768x1076.jpg 768w, https:\/\/www.theputto.com\/comic\/wp-content\/uploads\/2010\/12\/eyesofpraguesmall.jpg 1104w\" sizes=\"(max-width: 500px) 100vw, 500px\" \/><\/p>\n<p style=\"text-align: center;\"><em>Art preview by Lenka \u0160ime\u010dkov\u00e1<\/em><\/p>\n<!-- AddThis Advanced Settings generic via filter on the_content --><!-- AddThis Share Buttons generic via filter on the_content -->","protected":false},"excerpt":{"rendered":"<p>&#8220;Just read the DOPE ASS &#8220;The Sorrowful Putto of Prague&#8221;&#8230;check it out&#8230;you&#8217;re in for a treat!&#8221; Samuel L. Jackson Read from the\u00a0beginning\u00a0or the latest page Click here for\u00a0the SOUNDTRACK\u00a0(featuring Roger O&#8217;Donnell of The Cure). We are proud to announce that[&hellip;]<a class=\"more-link\" href=\"https:\/\/www.theputto.com\/comic\/\">&darr; Read the rest of this entry&#8230;<\/a><!-- AddThis Advanced Settings generic via filter on get_the_excerpt --><!-- AddThis Share Buttons generic via filter on get_the_excerpt --><\/p>\n","protected":false},"author":2,"featured_media":0,"parent":0,"menu_order":1,"comment_status":"closed","ping_status":"closed","template":"","meta":[],"_links":{"self":[{"href":"https:\/\/www.theputto.com\/comic\/wp-json\/wp\/v2\/pages\/213"}],"collection":[{"href":"https:\/\/www.theputto.com\/comic\/wp-json\/wp\/v2\/pages"}],"about":[{"href":"https:\/\/www.theputto.com\/comic\/wp-json\/wp\/v2\/types\/page"}],"author":[{"embeddable":true,"href":"https:\/\/www.theputto.com\/comic\/wp-json\/wp\/v2\/users\/2"}],"replies":[{"embeddable":true,"href":"https:\/\/www.theputto.com\/comic\/wp-json\/wp\/v2\/comments?post=213"}],"version-history":[{"count":45,"href":"https:\/\/www.theputto.com\/comic\/wp-json\/wp\/v2\/pages\/213\/revisions"}],"predecessor-version":[{"id":1227,"href":"https:\/\/www.theputto.com\/comic\/wp-json\/wp\/v2\/pages\/213\/revisions\/1227"}],"wp:attachment":[{"href":"https:\/\/www.theputto.com\/comic\/wp-json\/wp\/v2\/media?parent=213"}],"curies":[{"name":"wp","href":"https:\/\/api.w.org\/{rel}","templated":true}]}}